2 - -17?
21
In base 14, what is -3 - -42?
3d
In base 10, what is -5 + 41?
36
In base 15, what is 5c - 19?
43
In base 6, what is 11501 - -2?
11503
In base 7, what is -1 - -315?
314
In base 13, what is -1 + -33?
-34
In base 12, what is 2 + -3b?
-39
In base 5, what is 4402 - 23?
4324
In base 7, what is -5 - -1060?
1052
In base 2, what is -100 - 111111?
-1000011
In base 3, what is -1 - -20011200?
20011122
In base 6, what is 41 - -112?
153
In base 5, what is 11 - 20?
-4
In base 8, what is 4 + 20?
24
In base 16, what is 3 + -79?
-76
In base 5, what is 403 + -4?
344
In base 4, what is -21003 - -3?
-21000
In base 2, what is 101 - 10?
11
In base 8, what is -315 - 0?
-315
In base 5, what is 13 - 1131?
-1113
In base 10, what is -1 - -293?
292
In base 2, what is 101 + -10010?
-1101
In base 15, what is 5d9 + -d?
5cb
In base 7, what is -444 + -2?
-446
In base 3, what is -201100 - 0?
-201100
In base 6, what is -15540 + 5?
-15531
In base 3, what is -2120 + -22?
-2212
In base 4, what is 10 + -12233?
-12223
In base 3, what is 1 + 112102?
112110
In base 3, what is 12 - -2111201?
2111220
In base 8, what is -1 - 605?
-606
In base 14, what is 3 - 4?
-1
In base 3, what is 1221 + 120101?
122022
In base 14, what is -9 - 2?
-b
In base 11, what is 19 + 6?
24
In base 12, what is 2 - -66?
68
In base 7, what is 5 - -362?
400
In base 11, what is 1 + 4a0?
4a1
In base 15, what is 5 + 317?
31c
In base 11, what is -5 + -a77?
-a81
In base 13, what is 0 - 83?
-83
In base 8, what is 4 - 33?
-27
In base 10, what is 13 + 3?
16
In base 4, what is 30113 + -1?
30112
In base 2, what is -1001001 - -10011?
-110110
In base 8, what is -5 + -41?
-46
In base 12, what is -37 - -5?
-32
In base 4, what is 30210 - 1?
30203
In base 15, what is -707 + 0?
-707
In base 11, what is 5 - -6?
10
In base 7, what is 255 + 66?
354
In base 7, what is 32 + -16?
13
In base 11, what is -4 + -a2?
-a6
In base 3, what is 110 - -10?
120
In base 5, what is 4 + 2110?
2114
In base 6, what is 5 + 3012?
3021
In base 2, what is -100 + 110101011?
110100111
In base 15, what is -1 + -26?
-27
In base 7, what is 10 - -12443?
12453
In base 13, what is -5 - 5bb?
-5c3
In base 8, what is 5 + -2604?
-2577
In base 2, what is 0 - 110?
-110
In base 13, what is 51 + a?
5b
In base 2, what is -11000 - 1111010?
-10010010
In base 3, what is -1111122 + 10?
-1111112
In base 4, what is -222 - 10?
-232
In base 2, what is 0 - 11010111111?
-11010111111
In base 2, what is 11111 + -1000?
10111
In base 3, what is -1020011001 + 1?
-1020011000
In base 6, what is 11 + -1522?
-1511
In base 3, what is 2022120 + 1?
2022121
In base 4, what is 23 - -3?
32
In base 12, what is -29 - 4?
-31
In base 7, what is -4540 - -3?
-4534
In base 9, what is 3 + -3?
0
In base 12, what is 6 - -2a?
34
In base 6, what is -33 - -14?
-15
In base 10, what is 0 + -152?
-152
In base 5, what is -10 + 24?
14
In base 2, what is -101000110 + 10?
-101000100
In base 15, what is 1 - -1e?
20
In base 3, what is -102 - 110001?
-110110
In base 13, what is -86 + 6?
-80
In base 10, what is 889 - 0?
889
In base 5, what is -3 + -1331?
-1334
In base 14, what is bd + -1?
bc
In base 7, what is -1423 - 5?
-1431
In base 16, what is 4 + -88?
-84
In base 12, what is 1 - 40?
-3b
In base 8, what is 3 + -43?
-40
In base 11, what is 2255 + -2?
2253
In base 15, what is -25 + -5?
-2a
In base 4, what is 10 + 31312?
31322
In base 10, what is 45 + -93?
-48
In base 13, what is -3 + -1b5?
-1b8
In base 4, what is -211 + 202?
-3
In base 6, what is -344 + -3?
-351
In base 5, what is -310 + 4?
-301
In base 10, what is -58 + 30?
-28
In base 8, what is -1 + -2212?
-2213
In base 6, what is -231 - -52?
-135
In base 7, what is -234 - 146?
-413
In base 16, what is 3 - -39?
3c
In base 4, what is -20 + 232313?
232233
In base 5, what is 414 - -10?
424
In base 13, what is -51 - 3?
-54
In base 8, what is 13 + 62?
75
In base 6, what is -340 + -3?
-343
In base 6, what is 303 - -2?
305
In base 4, what is -123 + -23?
-212
In base 7, what is -512 - 23?
-535
In base 15, what is 19d - 2?
19b
In base 9, what is 1 - -1230?
1231
In base 16, what is -c + 1c0?
1b4
In base 8, what is -523 + 4?
-517
In base 5, what is -2 + -23?
-30
In base 3, what is -2 - 211212?
-211221
In base 13, what is 2 - -2b?
30
In base 12, what is -88 + -19?
-a5
In base 6, what is -1210 + 0?
-1210
In base 14, what is -d17 + 0?
-d17
In base 14, what is -55 - 0?
-55
In base 12, what is 3a + 7?
45
In base 8, what is 51 + 55?
126
In base 9, what is 5 + 25?
31
In base 9, what is 0 + -41?
-41
In base 5, what is -1400 - 4?
-1404
In base 9, what is 87 + 4?
102
In base 15, what is -3 - 2a?
-2d
In base 2, what is 1010000100101 + -11?
1010000100010
In base 8, what is 16 + 352?
370
In base 10, what is 8 + 183?
191
In base 4, what is -123000 - -2?
-122332
In base 15, what is -5 + 46?
41
In base 5, what is -1314 - -10?
-1304
In base 6, what is -301 - 30?
-331
In base 13, what is -4898 + -3?
-489b
In base 13, what is -7 - 550?
-557
In base 3, what is 11 + -101000?
-100212
In base 5, what is -141 - 33?
-224
In base 10, what is 115 + -4?
111
In base 7, what is 6 - -51?
60
In base 6, what is -3 + 2115?
2112
In base 12, what is -226 - -7?
-21b
In base 9, what is -47 + -7?
-55
In base 16, what is 633 - -4?
637
In base 12, what is 7 + -685?
-67a
In base 4, what is -222 - 11?
-233
In base 5, what is 131 - -10?
141
In base 8, what is -7 + 161?
152
In base 6, what is -350 - -42?
-304
In base 3, what is -2102 + -11?
-2120
In base 7, what is -15 + 5?
-10
In base 14, what is -5 - -15?
10
In base 5, what is 220 - 10?
210
In base 5, what is -11124 + 1?
-11123
In base 5, what is 14210 + 1?
14211
In base 9, what is -1 - 84?
-85
In base 13, what is 0 - 570?
-570
In base 12, what is -2055 - 3?
-2058
In base 15, what is -34 + 1a5?
171
In base 7, what is -42 + -11?
-53
In base 2, what is 101 - -1011110101?
1011111010
In base 15, what is 62 - 2?
60
In base 5, what is -1 - 113?
-114
In base 12, what is -a - 11a?
-128
In base 15, what is 2 + 208?
20a
In base 5, what is -30 + 4?
-21
In base 5, what is 1103 - -11?
1114
In base 6, what is 5 + 225?
234
In base 2, what is 10 - -101101101?
101101111
In base 14, what is -9 - -2d?
24
In base 13, what is -6 - -240?
237
In base 8, what is -4 + -52?
-56
In base 5, what is -31 + 113?
32
In base 12, what is -1198 + -4?
-11a0
In base 9, what is -1 + -2750?
-2751
In base 5, what is -1 + -40?
-41
In base 7, what is -132135 - -5?
-132130
In base 15, what is -dc - 3?
-e0
In base 8, what is -3546 - 16?
-3564
In base 5, what is -10033 + 2?
-10031
In base 3, what is -10 - 110111?
-110121
In base 9, what is -282 - -6?
-275
In base 3, what is 2011111 + -10?
2011101
In base 4, what is -2 - 233?
-301
In base 2, what is -11011110100010 + 101?
-11011110011101
In base 2, what is 101 + 10100000?
10100101
In base 16, what is -2a4 + 5?
-29f
In base 16, what is -355 + 4?
-351
In base 15, what is -2a8 - -1?
-2a7
In base 13, what is 6c6 - 0?
6c6
In base 8, what is -302 + 0?
-302
In base 9, what is -26 - -15?
-11
In base 13, what is 0 - 3b?
-3b
In base 4, what is -231 - 111?
-1002
In base 16, what is -32 + -2?
-34
In base 6, what is 3 + -5004?
-5001
In base 3, what is 0 - 1002222?
-1002222
In base 4, what is -3103 + 1030?
-2013
In base 4, what is -10200 + 3?
-10131
In base 14, what is -138 + 0?
-138
In base 8, what is 3 - 21?
-16
In base 9, what is 14 + 15?
30
In base 12, what is -3 + 67?
64
In base 6, what is -334425 + -1?
-334430
In base 14, what is c - d2?
-c4
In base 3, what is -110021 - 1?
-110022
In base 7, what is 5333 - 3?
5330
In base 10, what is 92 - 30?
62
In base 4, what is 1110 - 1311?
-201
In base 8, what is -7115 - 4?
-7121
In base 4, what is 2 + 201231?
201233
In base 16, what is 1 + 141?
142
In base 3, what is 2001 - 1021?
210
In base 14, what is -115 + 1?
-114
In base 3, what is 10 - -202?
212
In base 15, what is -5 + b2d?
b28
In base 13, what is 4238 + 5?
4240
In base 11, what is 2 + 2105?
2107
In base 11, what is 1 - -116?
117
In base 11, what is -1 - 5594?
-5595
In base 8, what is 43 + 5?
50
In base 7, what is -21 + 313?
262
In base 4, what is 22 - -11001?
11023
In base 3, what is 10020100 - 2?
10020021
In base 6, what is 4 - 0?
4
In base 3, what is -12111 + 2?
-12102
In base 13, what is -5 - -398?
393
In base 15, what is -7 - -3?
-4
In base 12, what is 138 - 8